units digit of 22366082?
2
What is the millions digit of 10945843?
0
What is the thousands digit of 3646291?
6
What is the ten thousands digit of 693578?
9
What is the hundred thousands digit of 26673322?
6
What is the hundred thousands digit of 134121?
1
What is the hundreds digit of 7625691?
6
What is the units digit of 15626255?
5
What is the tens digit of 750038?
3
What is the units digit of 798382?
2
What is the ten thousands digit of 72964?
7
What is the hundreds digit of 174203?
2
What is the tens digit of 1071992?
9
What is the ten thousands digit of 3485412?
8
What is the tens digit of 1526105?
0
What is the hundred thousands digit of 832561?
8
What is the units digit of 229050?
0
What is the hundred thousands digit of 1281228?
2
What is the units digit of 311937?
7
What is the thousands digit of 1379107?
9
What is the thousands digit of 9132263?
2
What is the millions digit of 4584734?
4
What is the units digit of 1734926?
6
What is the ten thousands digit of 13917004?
1
What is the hundreds digit of 187485?
4
What is the tens digit of 108793?
9
What is the tens digit of 963412?
1
What is the thousands digit of 316990?
6
What is the ten thousands digit of 3083366?
8
What is the thousands digit of 234063?
4
What is the thousands digit of 4149188?
9
What is the units digit of 190758?
8
What is the hundred thousands digit of 5591917?
5
What is the thousands digit of 591620?
1
What is the hundreds digit of 257399?
3
What is the thousands digit of 130551?
0
What is the ten thousands digit of 816553?
1
What is the thousands digit of 775285?
5
What is the thousands digit of 1660915?
0
What is the hundreds digit of 634169?
1
What is the tens digit of 42752?
5
What is the ten thousands digit of 6465101?
6
What is the tens digit of 307034?
3
What is the thousands digit of 620128?
0
What is the ten thousands digit of 83615?
8
What is the tens digit of 12835296?
9
What is the tens digit of 848872?
7
What is the hundred thousands digit of 3328066?
3
What is the units digit of 1279914?
4
What is the hundred thousands digit of 949695?
9
What is the tens digit of 399204?
0
What is the hundred thousands digit of 203768?
2
What is the thousands digit of 1337189?
7
What is the ten thousands digit of 49017?
4
What is the millions digit of 2288943?
2
What is the tens digit of 8380513?
1
What is the hundreds digit of 196880?
8
What is the units digit of 2238153?
3
What is the hundreds digit of 2631?
6
What is the tens digit of 896727?
2
What is the units digit of 340692?
2
What is the units digit of 92775?
5
What is the units digit of 35194?
4
What is the thousands digit of 115029?
5
What is the units digit of 661582?
2
What is the thousands digit of 241986?
1
What is the units digit of 1017199?
9
What is the hundreds digit of 82794?
7
What is the ten thousands digit of 9404604?
0
What is the units digit of 583960?
0
What is the units digit of 1757554?
4
What is the thousands digit of 6519578?
9
What is the hundreds digit of 2694759?
7
What is the hundred thousands digit of 31977866?
9
What is the hundred thousands digit of 741916?
7
What is the hundred thousands digit of 521773?
5
What is the hundreds digit of 263648?
6
What is the ten thousands digit of 1856576?
5
What is the thousands digit of 3011126?
1
What is the thousands digit of 1418805?
8
What is the millions digit of 17481678?
7
What is the thousands digit of 2714671?
4
What is the ten millions digit of 30892239?
3
What is the hundred thousands digit of 1013077?
0
What is the units digit of 62090?
0
What is the units digit of 12626282?
2
What is the hundreds digit of 548927?
9
What is the units digit of 64311?
1
What is the hundred thousands digit of 507499?
5
What is the ten thousands digit of 6418158?
1
What is the ten thousands digit of 1527204?
2
What is the tens digit of 77804?
0
What is the ten thousands digit of 2151804?
5
What is the units digit of 361222?
2
What is the ten thousands digit of 214196?
1
What is the hundred thousands digit of 2107882?
1
What is the hundred thousands digit of 12471472?
4
What is the hundreds digit of 1210960?
9
What is the hundreds digit of 512800?
8
What is the units digit of 15563127?
7
What is the units digit of 1517283?
3
What is the tens digit of 3906?
0
What is the units digit of 977398?
8
What is the millions digit of 3433131?
3
What is the hundreds digit of 23756?
7
What is the hundreds digit of 40621688?
6
What is the millions digit of 21809345?
1
What is the ten thousands digit of 589603?
8
What is the tens digit of 282940?
4
What is the hundred thousands digit of 953564?
9
What is the hundred thousands digit of 15881227?
8
What is the units digit of 270422?
2
What is the hundred thousands digit of 3800340?
8
What is the tens digit of 136586?
8
What is the thousands digit of 4688766?
8
What is the tens digit of 1417534?
3
What is the hundreds digit of 240933?
9
What is the hundreds digit of 289013?
0
What is the hundred thousands digit of 1931040?
9
What is the tens digit of 234907?
0
What is the tens digit of 2423650?
5
What is the hundred thousands digit of 334688?
3
What is the tens digit of 547273?
7
What is the ten thousands digit of 169661?
6
What is the thousands digit of 607309?
7
What is the thousands digit of 279519?
9
What is the units digit of 11903699?
9
What is the tens digit of 301266?
6
What is the hundreds digit of 12045722?
7
What is the hundreds digit of 4624155?
1
What is the tens digit of 132683?
8
What is the ten thousands digit of 186306?
8
What is the tens digit of 5865?
6
What is the ten thousands digit of 502249?
0
What is the hundred thousands digit of 4267328?
2
What is the tens digit of 8634085?
8
What is the hundreds digit of 213294?
2
What is the tens digit of 677623?
2
What is the units digit of 344734?
4
What is the tens digit of 25741790?
9
What is the thousands digit of 4620274?
0
What is the hundred thousands digit of 1730544?
7
What is the thousands digit of 18082?
8
What is the units digit of 5237768?
8
What is the thousands digit of 10526113?
6
What is the hundreds digit of 817971?
9
What is the units digit of 557151?
1
What is the millions digit of 3800397?
3
What is the hundreds digit of 403554?
5
What is the tens digit of 15883804?
0
What is the hundreds digit of 62089?
0
What is the hundreds digit of 95031?
0
What is the hundreds digit of 3103299?
2
What is the millions digit of 2094799?
2
What is the tens digit of 96871?
7
What is the tens digit of 31153?
5
What is the thousands digit of 654869?
4
What is the tens digit of 3782998?
9
What is the thousands digit of 241485?
1
What is the ten thousands digit of 20825538?
2
What is the units digit of 320773?
3
What is the tens digit of 4825822?
2
What is the ten thousands digit of 52991?
5
What is the millions digit of 16742687?
6
What is the thousands digit of 490551?
0
What is the ten thousands digit of 7535520?
3
What is the hundreds digit of 340882?
8
What is the thousands digit of 3459280?
9
What is the units digit of 4527757?
7
What is the tens digit of 5229085?
8
What is the ten thousands digit of 477895?
7
What is the units digit of 4429041?
1
What is the ten thousands digit of 1334763?
3
What is the tens digit of 842395?
9
What is the thousands digit of 401005?
1
What is the hundred thousands digit of 311131?
3
What is the hundreds digit of 71643?
6
What is the hundreds digit of 622009?
0
What is the ten millions digit of 15375200?
1
What is the tens digit of 1947890?
9
What is the units digit of 4619083?
3
What is the units digit of 6033549?
9
What is the millions digit of 1172274?
1
What is the units digit of 8014812?
2
What is the ten thousands digit of 404662?
0
What is the units digit of 61340?
0
What is the hundreds digit of 476018?
0
What is the tens digit of 780747?
4
What is the units digit of 3969869?
9
What is the hundreds digit of 186959?
9
What is the thousands digit of 91653?
1
What is the tens digit of 3630384?
8
What is the thousands digit of 68581?
8
What is the hundred thousands digit of 6689846?
6
What is the units digit of 1226107?
7
What is the hundreds digit of 7175133?
1
What is the hundred thousands digit of 259228?
2
What is the thousands digit of 29554?
9
What is the thousands digit of 75068?
5
What is the ten thousan